ultiple of 97?
False
Does 15 divide 145104045?
True
Does 248 divide 113292352?
True
Does 27 divide 238576536?
True
Does 704 divide 312628317?
False
Is 1087 a factor of 50914405?
False
Does 47 divide 529257979?
False
Does 139 divide 116165497?
True
Is 45 a factor of 99386976?
False
Is 15355886 a multiple of 139?
True
Does 13 divide 559664534?
True
Is 75 a factor of 11218275?
True
Does 17 divide 483286540?
True
Is 11102021 a multiple of 110?
False
Is 4 a factor of 23099592?
True
Is 201238568 even?
True
Is 48 a factor of 45353136?
True
Does 36 divide 108437314?
False
Is 110 a factor of 388600943?
False
Does 1031 divide 351981639?
False
Is 22 a factor of 87004198?
False
Is 172 a factor of 26105877?
False
Is 8 a factor of 14535663?
False
Is 14793043 a multiple of 1572?
False
Does 94 divide 16008294?
True
Is 1236 a factor of 1190853864?
True
Is 59555346 a multiple of 144?
False
Is 661810 a multiple of 5?
True
Is 725 a factor of 43467174?
False
Is 15072659 a multiple of 23?
True
Does 39 divide 451217981?
False
Is 758735074 a multiple of 107?
True
Is 429816834 a multiple of 27?
True
Is 5 a factor of 2387575?
True
Is 7429785 a multiple of 89?
False
Is 136 a factor of 362005269?
False
Is 11 a factor of 7775625?
True
Is 80 a factor of 3297040?
True
Is 494 a factor of 189954401?
False
Is 1657 a factor of 1337223739?
False
Is 13 a factor of 4289146?
False
Is 1680 a factor of 236656560?
True
Is 54 a factor of 25606638?
True
Does 10 divide 33322045?
False
Is 13391292 a multiple of 109?
False
Is 140 a factor of 611338700?
True
Is 4688836400 a multiple of 7880?
True
Is 7195541 a multiple of 460?
False
Does 53 divide 1738852384?
False
Is 55326092 a multiple of 204?
False
Is 6541501 a multiple of 148?
False
Is 136903092 a multiple of 2465?
False
Does 35 divide 170489146?
False
Does 18 divide 95679612?
True
Is 57693215 a multiple of 361?
True
Is 805491737 a multiple of 991?
True
Does 306 divide 27673556?
False
Does 22 divide 8613858?
True
Is 83 a factor of 20589146?
True
Is 39317557 a multiple of 812?
False
Is 172270269 a multiple of 267?
True
Is 143 a factor of 1954721054?
True
Is 1163156008 a multiple of 1852?
True
Does 698 divide 45906071?
False
Is 7 a factor of 17195500?
True
Does 621 divide 6367734?
True
Is 2541088 a multiple of 44?
True
Is 2636615 a multiple of 9?
False
Does 5286 divide 393603003?
False
Is 2089089816 a multiple of 611?
False
Does 4 divide 32178857?
False
Is 28096645 a multiple of 685?
True
Is 6776664 a multiple of 4?
True
Is 96 a factor of 111098016?
True
Is 258 a factor of 60854733?
False
Does 17 divide 56762081?
False
Is 67 a factor of 1566887795?
True
Is 17 a factor of 15314926?
True
Is 37 a factor of 605789345?
True
Does 13 divide 302668821?
True
Is 1299 a factor of 371090584?
False
Is 68 a factor of 693172948?
False
Is 10 a factor of 79359170?
True
Is 1889270044 a multiple of 510?
False
Is 753728868 a multiple of 6?
True
Does 55 divide 1226343623?
False
Is 1793293866 a multiple of 126?
True
Is 1013 a factor of 29712062?
False
Is 158 a factor of 75083496?
True
Is 3969600 a multiple of 5?
True
Does 590 divide 18688693?
False
Does 355 divide 19104680?
True
Is 1820 a factor of 399978930?
False
Is 2323 a factor of 1596250588?
False
Is 4 a factor of 1900040?
True
Is 232 a factor of 1217796481?
False
Is 64964434 a multiple of 20?
False
Is 37 a factor of 257709958?
True
Is 15120838 even?
True
Is 232004 even?
True
Is 174884102 a multiple of 1318?
True
Is 255 a factor of 432384375?
True
Is 130595471 a multiple of 323?
False
Does 50 divide 43826350?
True
Is 5 a factor of 142923605?
True
Is 58 a factor of 528231926?
True
Is 186 a factor of 186537299?
False
Is 93417825 a multiple of 3470?
False
Is 2 a factor of 34930025?
False
Does 41 divide 15808095?
False
Is 1836621123 a multiple of 1619?
True
Does 56 divide 34069048?
False
Is 148955790 a multiple of 744?
False
Is 16029181 a multiple of 19?
False
Is 374 a factor of 28209058?
False
Is 141141245 a multiple of 45?
False
Is 15330672 a multiple of 21?
True
Is 72955142 a multiple of 10?
False
Is 38442277 a multiple of 634?
False
Is 708953608 a multiple of 10?
False
Is 7097018852 a multiple of 532?
True
Does 70 divide 95498674?
False
Is 6657254 a multiple of 67?
True
Is 31 a factor of 103492756?
True
Is 8683 a factor of 7389085389?
True
Is 1139 a factor of 365574874?
False
Is 36380164 a multiple of 4?
True
Is 824 a factor of 2441223600?
True
Does 510 divide 589404497?
False
Does 7635 divide 2985419541?
False
Is 14 a factor of 3101972552?
True
Does 125 divide 75943000?
True
Is 14 a factor of 128061163?
False
Is 163 a factor of 38036704?
False
Is 32886490 a multiple of 7?
True
Is 41694671 a multiple of 289?
False
Does 826 divide 121588121?
False
Is 55278035 a multiple of 1765?
True
Does 41 divide 444966604?
True
Is 23994978 a multiple of 585?
False
Is 12976302 a multiple of 387?
False
Is 74893832 a multiple of 3340?
False
Is 286 a factor of 939464526?
True
Does 66 divide 113921849?
False
Is 5 a factor of 8109292?
False
Is 24 a factor of 7176168?
True
Does 2849 divide 327691232?
False
Does 70 divide 587671700?
True
Does 439 divide 2773206461?
True
Is 232977449 a multiple of 351?
False
Is 172 a factor of 52246892?
True
Is 47 a factor of 75218612?
True
Is 28 a factor of 39666112?
False
Does 11 divide 87602413?
False
Is 13 a factor of 701647466?
True
Is 377848192 a multiple of 19?
False
Is 16419957 a multiple of 1821?
True
Is 17474224 a multiple of 1223?
True
Is 7109452 a multiple of 26?
False
Does 3 divide 37247420?
False
Does 316 divide 1006795909?
False
Is 1095 a factor of 292223745?
True
Does 1222 divide 104516438?
True
Is 17 a factor of 30393926?
True
Is 72976689 a multiple of 9?
True
Is 262 a factor of 3666826357?
False
Does 1399 divide 958287020?
True
Is 16772467 a multiple of 165?
False
Is 984070439 a multiple of 2009?
False
Does 67 divide 383168114?
False
Is 277 a factor of 487207625?
False
Is 694 a factor of 184504774?
False
Does 9032 divide 153851205?
False
Is 67 a factor of 80211636?
False
Is 72947112 a multiple of 84?
True
Does 270 divide 2193707225?
False
Does 284 divide 12880820?
True
Does 1463 divide 97116866?
True
Is 1384 a factor of 2277050912?
True
Does 1227 divide 120337073?
False
Is 21382429 a multiple of 57?
False
Is 48046111 a multiple of 4?
False
Is 330604296 a multiple of 44?
True
Is 4269195 a multiple of 39?
False
Is 30219803 a multiple of 358?
False
Is 58 a factor of 598947324?
True
Does 178 divide 210547122?
True
Does 47 divide 652329674?
False
Is 33 a factor of 2262814?
False
Is 17281420 a multiple of 127?
False
Is 5882206540 a multiple of 919?
True
Does 87 divide 55888504?
False
Is 21 a factor of 948586?
False
Is 9 a factor of 198543177?
True
Does 98 divide 832642692?
True
Is 31 a factor of 7714350?
True
Does 4 divide 1848239?
False
Does 172 divide 51055603?
False
Is 74824075 a multiple of 5?
True
Is 2360833551 a multiple of 79?
True
Does 2036 divide 3344112396?
False
Is 918938160 a multiple of 441?
True
Does 96 divide 321772896?
True
Does 154 divide 685007937?
False
Is 15 a factor of 11503731?
False
Is 1297 a factor of 78104043?
True
Does 1099 divide 7842464?
True
Is 52 a factor of 7234240?
True
Does 19 divide 485880143?
False
Does 126 divide 3936341?
False
Is 4 a factor of 241833555?
False
Is 23 a factor of 52374914?
False
Is 17336422 a multiple of 5959?
False
Does 187 divide 32072355?
False
Does 44 divide 369885604?
True
Is 43 a factor of 834013615?
False
Is 439362235 a multiple of 13?
True
Does 167 divide 549023187?
False
Is 652 a factor of 94281195?
False
Is 18907730 a multiple of 142?
False
Does 10 divide 6125800?
True
Is 29 a factor of 113364103?
True
Does 202 divide 14612680?
True
Does 4521 divide 435588937?
False
Is 26 a factor of 6755300?
False
Is 2749081590 a multiple of 774?
True
Is 86 a factor of 31659094?
True
Is 16841514 a multiple of 140?
False
Does 73 divide 631639435?
True
Is 13876536 a multiple of 7?
False
Does 129 divide 394825519?
False
Is 1922 a factor of 636804728?
True
Is 31845346 a multiple of 142?
True
Is 29 a factor of 113710381?
False
Does 20 divide 2854799?
False
Is 31 a factor of 1679374686?
False
Is 3469 a factor of 1385650422?
True
Is 35542521 a multiple of 23?
True
Is 86 a factor of 2675877?
False
Is 29 a factor of 71867699?
False
Does 27 div